igit of 1084?
0
What is the tens digit of 524?
2
What is the thousands digit of 1983?
1
What is the tens digit of 5020?
2
What is the tens digit of 1137?
3
What is the tens digit of 1344?
4
What is the tens digit of 16310?
1
What is the units digit of 54458?
8
What is the thousands digit of 13733?
3
What is the hundreds digit of 2035?
0
What is the units digit of 1713?
3
What is the hundreds digit of 167723?
7
What is the units digit of 35166?
6
What is the tens digit of 9382?
8
What is the units digit of 5658?
8
What is the thousands digit of 48809?
8
What is the tens digit of 746?
4
What is the units digit of 15954?
4
What is the hundreds digit of 128231?
2
What is the tens digit of 971?
7
What is the units digit of 844?
4
What is the hundreds digit of 5959?
9
What is the thousands digit of 57631?
7
What is the tens digit of 19302?
0
What is the tens digit of 15888?
8
What is the thousands digit of 71304?
1
What is the hundreds digit of 271?
2
What is the tens digit of 873?
7
What is the units digit of 61903?
3
What is the tens digit of 2103?
0
What is the tens digit of 14102?
0
What is the thousands digit of 1817?
1
What is the units digit of 78?
8
What is the hundreds digit of 442?
4
What is the units digit of 979?
9
What is the hundreds digit of 12725?
7
What is the tens digit of 166478?
7
What is the tens digit of 4467?
6
What is the hundreds digit of 15622?
6
What is the thousands digit of 1091?
1
What is the thousands digit of 25511?
5
What is the tens digit of 2377?
7
What is the units digit of 28981?
1
What is the units digit of 706?
6
What is the units digit of 725?
5
What is the units digit of 9846?
6
What is the tens digit of 53?
5
What is the units digit of 12608?
8
What is the tens digit of 72?
7
What is the units digit of 39?
9
What is the thousands digit of 5999?
5
What is the tens digit of 8325?
2
What is the units digit of 3202?
2
What is the tens digit of 678?
7
What is the units digit of 19469?
9
What is the units digit of 34794?
4
What is the units digit of 1107?
7
What is the hundreds digit of 2024?
0
What is the ten thousands digit of 81822?
8
What is the tens digit of 11728?
2
What is the thousands digit of 12230?
2
What is the units digit of 17123?
3
What is the hundreds digit of 17889?
8
What is the tens digit of 1065?
6
What is the tens digit of 12960?
6
What is the thousands digit of 3545?
3
What is the hundreds digit of 42919?
9
What is the tens digit of 11625?
2
What is the thousands digit of 122856?
2
What is the tens digit of 898?
9
What is the ten thousands digit of 76817?
7
What is the units digit of 10?
0
What is the tens digit of 1444?
4
What is the tens digit of 38129?
2
What is the tens digit of 1607?
0
What is the tens digit of 540?
4
What is the tens digit of 4353?
5
What is the thousands digit of 8085?
8
What is the units digit of 33648?
8
What is the ten thousands digit of 40752?
4
What is the tens digit of 5498?
9
What is the tens digit of 21859?
5
What is the hundreds digit of 8673?
6
What is the units digit of 2345?
5
What is the tens digit of 46363?
6
What is the hundreds digit of 994?
9
What is the hundreds digit of 36038?
0
What is the thousands digit of 50697?
0
What is the thousands digit of 8179?
8
What is the tens digit of 22039?
3
What is the hundreds digit of 1401?
4
What is the units digit of 1461?
1
What is the tens digit of 5879?
7
What is the hundreds digit of 1099?
0
What is the ten thousands digit of 24061?
2
What is the tens digit of 36619?
1
What is the hundreds digit of 1042?
0
What is the units digit of 75877?
7
What is the units digit of 33153?
3
What is the ten thousands digit of 50471?
5
What is the hundreds digit of 991?
9
What is the units digit of 1122?
2
What is the units digit of 379?
9
What is the thousands digit of 10079?
0
What is the tens digit of 50357?
5
What is the tens digit of 118387?
8
What is the hundreds digit of 2260?
2
What is the hundreds digit of 208?
2
What is the units digit of 103128?
8
What is the tens digit of 747?
4
What is the hundreds digit of 318?
3
What is the hundreds digit of 700?
7
What is the tens digit of 20343?
4
What is the ten thousands digit of 58500?
5
What is the hundreds digit of 3618?
6
What is the thousands digit of 19560?
9
What is the units digit of 1996?
6
What is the hundreds digit of 531?
5
What is the units digit of 8254?
4
What is the hundreds digit of 21408?
4
What is the thousands digit of 9243?
9
What is the tens digit of 642?
4
What is the hundreds digit of 55518?
5
What is the hundreds digit of 2391?
3
What is the hundreds digit of 559?
5
What is the units digit of 82308?
8
What is the tens digit of 20355?
5
What is the tens digit of 7479?
7
What is the ten thousands digit of 168521?
6
What is the tens digit of 35?
3
What is the units digit of 58221?
1
What is the ten thousands digit of 23961?
2
What is the hundreds digit of 1645?
6
What is the ten thousands digit of 90770?
9
What is the tens digit of 647?
4
What is the tens digit of 4469?
6
What is the hundreds digit of 6793?
7
What is the hundreds digit of 15277?
2
What is the units digit of 703?
3
What is the units digit of 9188?
8
What is the hundreds digit of 35865?
8
What is the ten thousands digit of 11395?
1
What is the hundreds digit of 110?
1
What is the tens digit of 8597?
9
What is the units digit of 23228?
8
What is the tens digit of 25237?
3
What is the units digit of 243?
3
What is the tens digit of 4001?
0
What is the thousands digit of 7800?
7
What is the hundreds digit of 27364?
3
What is the tens digit of 426?
2
What is the units digit of 2403?
3
What is the hundreds digit of 8538?
5
What is the thousands digit of 71384?
1
What is the hundreds digit of 21243?
2
What is the thousands digit of 31717?
1
What is the ten thousands digit of 20608?
2
What is the units digit of 5142?
2
What is the hundreds digit of 1440?
4
What is the hundreds digit of 702?
7
What is the units digit of 960?
0
What is the thousands digit of 27420?
7
What is the ten thousands digit of 56901?
5
What is the thousands digit of 8016?
8
What is the thousands digit of 2167?
2
What is the units digit of 2666?
6
What is the hundreds digit of 5115?
1
What is the tens digit of 16833?
3
What is the units digit of 430?
0
What is the hundreds digit of 2382?
3
What is the thousands digit of 3636?
3
What is the ten thousands digit of 107695?
0
What is the ten thousands digit of 32126?
3
What is the hundreds digit of 6251?
2
What is the hundreds digit of 71412?
4
What is the units digit of 6754?
4
What is the tens digit of 10457?
5
What is the units digit of 1298?
8
What is the units digit of 675?
5
What is the tens digit of 107024?
2
What is the tens digit of 5406?
0
What is the hundreds digit of 29374?
3
What is the units digit of 11330?
0
What is the hundreds digit of 45062?
0
What is the tens digit of 16438?
3
What is the units digit of 3253?
3
What is the tens digit of 2445?
4
What is the thousands digit of 9000?
9
What is the thousands digit of 13401?
3
What is the thousands digit of 31953?
1
What is the tens digit of 469?
6
What is the hundreds digit of 50234?
2
What is the units digit of 7551?
1
What is the units digit of 80907?
7
What is the tens digit of 4189?
8
What is the thousands digit of 1791?
1
What is the units digit of 284?
4
What is the hundreds digit of 11788?
7
What is the units digit of 889?
9
What is the tens digit of 290?
9
What is the thousands digit of 7977?
7
What is the thousands digit of 8116?
8
What is the hundred thousands digit of 123328?
1
What is the tens digit of 26795?
9
What is the tens digit of 109?
0
What is the units digit of 48?
8
What is the hundreds digit of 2526?
5
What is the tens digit of 26518?
1
What is the thousands digit of 54795?
4
What is the units digit of 73459?
9
What is the ten thousands digit of 10792?
1
What is the hundreds digit of 2646?
6
What is the units digit of 2432?
2
What is the tens digit of 70553?
5
What is the hundreds digit of 7055?
0
What is the hundreds digit of 8742?
7
What is the units digit of 2251?
1
What is the hundreds digit of 7766?
7
What is the hundreds digit of 8059?
0
What is the thousands digit of 7039?
7
What is the tens digit of 1249?
4
What is the tens digit of 13878?
7
What is the units digit of 719?
9
